. Let j be 36/20*w/(-3). What is the highest common divisor of j and 36?
9
Let r(x) = 5*x**3 - 2*x**2 + 3*x - 25. Let k be r(4). Calculate the greatest common factor of k and 110.
55
Let p(u) = -u**3 + 12*u**2 + 65*u + 7. Let c be p(16). What is the highest common divisor of c and 4?
1
Let q = 1 - -3. Suppose -3*m + 34 + 24 = q*c, -m - 6 = -5*c. Calculate the greatest common divisor of 35 and m.
7
Let p be 1426/155 + 1/(-5). Suppose 0*j - j + 4*i + 11 = 0, 4*i = -3*j + 1. Calculate the highest common factor of p and j.
3
Let n(x) = -x**3 + 6*x**2 + 3*x - 6. Let l be n(6). Let i = -9 + l. Suppose -m = -0 - i. What is the highest common divisor of m and 1?
1
Suppose -3*q = -2*q - 12. Let i be ((-12)/126)/(((-2)/18)/(-1))*-21. Calculate the greatest common divisor of i and q.
6
Let u(x) = -x**3 - 14*x**2 + 37*x + 18. Let a be u(-17). Calculate the greatest common divisor of a and 128.
128
Suppose 33 = 3*s - 2*s - l, 3*s + 4*l = 113. Let g = 20 + s. What is the highest common divisor of 11 and g?
11
Let n be -15*(2 - (-12)/(-4)). Let w = 29 - n. Suppose -10 = -4*c + w. Calculate the highest common factor of c and 1.
1
Suppose 29*v - 553 = 317. What is the greatest common divisor of v and 660?
30
Let f(i) = i**3 + 18*i**2 - 18*i + 55. Let z be f(-17). What is the greatest common factor of z and 100?
50
Suppose 0 = -2*y, -6*g + 8*g = -4*y + 30. Let i be (5/g)/(799/399 - 2). What is the greatest common divisor of 19 and i?
19
Let k(m) = -67*m**3 + m**2 + m - 1. Let l be k(1). Let w = -75 - 24. Let q = l - w. What is the highest common factor of 22 and q?
11
Suppose -3*t - 78 = -2*b, 2*b + 5*t + 86 = 4*b. Let v = b - 9. Calculate the highest common divisor of v and 6.
6
Let c = -29 - -34. Suppose c*m - 76 = 3*m. What is the greatest common factor of 19 and m?
19
Suppose -6*y = -5*y - 5. Let r(n) be the second derivative of -5*n**3/3 - 5*n**2/2 - 7*n. Let j be r(-2). Calculate the highest common factor of y and j.
5
Let z be (8 + -5 - -73) + 8. Suppose f = -3*r + 81, -14 = r - 5*f - 57. Calculate the greatest common factor of z and r.
28
Let a be (3/(-4))/(1/(-248)). Let h be (1*8/2 - 4) + 312. Let n = h - a. Calculate the greatest common divisor of n and 18.
18
Suppose 4*i = 5*i - 5. Suppose 0 = j + l - 5, i*j - 5*l = -2 - 3. What is the highest common divisor of j and 1?
1
Let n(x) = 7*x - 4. Let m be n(5). Suppose 2*w = 2 - 0, -3*i + 2*w + 67 = 0. Let s be 15*i - 32/8. Calculate the greatest common divisor of s and m.
31
Let r be (-9*3/6)/((-14)/756). Suppose -135 = -5*i - 8*t + 4*t, -i = -5*t - 27. What is the greatest common divisor of i and r?
27
Let l = -30 - 6. Let o = l - -55. Calculate the highest common divisor of o and 171.
19
Suppose -3*z + 223 = j, j + 18*z - 238 = 20*z. Calculate the highest common divisor of 348 and j.
116
Let a(l) = -l**2 - 17*l - 3. Let y be a(-16). Suppose 0*f + y = f. Suppose f = 3*w - 26. What is the highest common factor of 39 and w?
13
Let f(j) = j**2 - 3*j + 39. Let t be f(-9). What is the greatest common factor of t and 49?
49
Suppose -4*n = 2*n. Suppose n = -0*b + b - 44. Calculate the greatest common factor of 44 and b.
44
Let x be -20*(4/(-5) + 2). Let s = -14 - x. What is the highest common factor of s and 90?
10
Suppose 0 = -g + 2*g - 25. Let l = 28 - g. Let j = 15 - l. Calculate the highest common divisor of j and 4.
4
Let d(p) = p**2 - 25*p + 136. Let v be d(18). What is the highest common factor of 5 and v?
5
Let h(d) = -2*d - 8. Let o = 25 + -15. Let l = o + -20. Let r be h(l). What is the highest common factor of 132 and r?
12
Let n be (-1)/(4*2/(-120)). What is the greatest common factor of n and 135?
15
Let f(x) = -x**3 + 7*x**2 - 3*x - 5. Let s be 2*4 + (-4)/2. Let l be f(s). What is the greatest common factor of 13 and l?
13
Let h(w) = -65*w - 30. Let q be h(-9). Calculate the greatest common factor of 15 and q.
15
Let t be (-1)/((2/(-10))/(-1 - -2)). Suppose t*c - 275 = 670. Calculate the greatest common divisor of c and 21.
21
Suppose 1496 = 74*c - 57*c. Suppose -d - 4 = 3*n - 12, -5*d = -5*n - 60. What is the greatest common factor of d and c?
11
Suppose -4*b + 3*x - 7*x - 28 = 0, -8 = -4*x. Let m(w) = w**2 + 10*w - 2. Let a be m(b). Let v = 14 + a. What is the highest common factor of 12 and v?
3
Let k(q) = -q - 6. Let r(l) = l - 6. Let g be r(10). Let h be -2 - -5 - g - 13. Let i be k(h). Calculate the highest common divisor of 32 and i.
8
Let d = 17 + -11. Let n(v) = -v**2 + 12*v - 8. Let o(l) = 7*l + 1. Let y be o(1). Let k be n(y). Calculate the highest common factor of d and k.
6
Suppose 4*x = -c + 80, c = -12*x + 15*x - 67. What is the highest common divisor of 84 and x?
21
Let t be (4 + -14)*(-14)/28. Calculate the greatest common divisor of t and 4.
1
Let n(d) = -10*d**3 + 10*d**2 + 11*d. Let x be n(-1). What is the highest common divisor of x and 378?
9
Let n = 710 - 162. Suppose 2*z = -4*i + z + n, -2*i - 2*z = -280. Calculate the greatest common divisor of 8 and i.
8
Suppose 9*d - 18*d + 17640 = 0. Calculate the highest common divisor of 49 and d.
49
Suppose 27 = f - 4*f. Let h = f - -10. Suppose k = h + 1. What is the greatest common divisor of k and 6?
2
Suppose 2*m = -2*w - 3*w + 26, 4*w - 22 = -2*m. Suppose 0 = -w*j + 93 + 147. What is the highest common factor of j and 15?
15
Let a be (-885)/(-9) + 2/3. Let h be 4 + (-14)/(-10) + 2/(-5). Suppose i + 5*s - 14 - 10 = 0, 51 = 4*i + h*s. What is the highest common factor of a and i?
9
Let i(w) be the first derivative of 8*w - 1/4*w**4 + 3*w**3 + 0*w**2 + 3. Let y be i(8). Calculate the greatest common factor of 8 and y.
8
Let i = -38 + 65. Let k = 303 - -489. Suppose 4*o = -36 + k. What is the greatest common factor of o and i?
27
Suppose -5*c - 635 = -0*c. Let y = c - -165. What is the highest common factor of y and 304?
38
Let n be 219/4 - (-120)/96. Calculate the greatest common factor of 644 and n.
28
Suppose 4*c = -j + c + 36, 0 = -j + 2*c + 11. Calculate the highest common divisor of j and 189.
21
Let k = -598 + 601. Calculate the greatest common divisor of k and 13.
1
Let k(s) = 29*s - 21. Let a be k(1). What is the highest common factor of 8 and a?
8
Suppose 5*m + 16 = 9*m. Let w be (110/15)/((8/3)/m). Let s be 1 + 75 + 1 + 0. What is the greatest common divisor of s and w?
11
Let r = 10 - 7. Let d be 21/(r/8*2). Let m = 37 - -5. Calculate the highest common divisor of d and m.
14
Suppose -12*b = b - 975. What is the greatest common factor of b and 1095?
15
Let l(a) = a**3 + 7*a**2 - a - 3. Let h be l(5). Let k = h - 124. Let b be ((-4)/10*3)/((-34)/595). What is the highest common divisor of k and b?
21
Let j(i) = 25*i**2 + 3*i - 8. Let f be j(4). Calculate the greatest common divisor of f and 4.
4
Let x = 22 + 43. Let p = x - -16. Suppose 0 = 4*z - 51 - p. Calculate the highest common factor of z and 11.
11
Suppose 44*z - 15*z = 116. What is the greatest common factor of 4 and z?
4
Suppose 0 = -k - 2*k + 147. Let j = -43 + k. Let i = 20 + -8. Calculate the highest common factor of j and i.
6
Suppose 12*k - 179 = 49. Calculate the highest common divisor of 437 and k.
19
Let p(f) = -5*f - 7. Let t be p(-6). Let v(w) = -33*w - 2 + 1 + 17*w. Let x be v(-13). What is the greatest common divisor of t and x?
23
Suppose -5*q + 56 + 64 = 0. Let b(r) be the third derivative of r**4/24 - r**2. Let l be b(6). What is the greatest common factor of l and q?
6
Suppose -434*w + 348 = -432*w. What is the greatest common factor of 6 and w?
6
Let t be (-8)/3*(-2790)/124. What is the greatest common factor of t and 420?
60
Let d(m) = m**2 + 55. Let u be -3 + (-4 - (-5 + -2)). Let l be d(u). Suppose l = 3*b - 80. Calculate the greatest common divisor of 5 and b.
5
Let c(j) = -j**3 - j**2 + 6*j + 3. Let t be -1 + 0 - 24/8. Let o be c(t). Calculate the highest common divisor of o and 3.
3
Suppose 19 + 17 = 3*a. Let o(i) = -i**3 - 9*i**2 - 7*i + 10. Let z be o(-8). Let j be (11 - -1)*(3 + z). Calculate the highest common factor of a and j.
12
Let y(v) = -5*v + 61. Let c be y(-6). What is the greatest common factor of 21 and c?
7
Suppose 4*b = -3*y + 442, -3*b - 159 + 505 = -5*y. Let j be (-7)/((-6)/27 - 10/36). Calculate the greatest common divisor of j and b.
14
Let g(v) = -v - 5. Let u be g(-4). Let p be u/(-3) - 10/(-6). Suppose 12 = 2*c